v) = 19*v + 8. Let u(c) = 12*c + 5. Let i(q) = 5*f(q) - 8*u(q). Give i(m).
4
Let t(q) = -4*q + 1. Let g(a) = -a + 2. Let l be g(-2). Let k be (-1 + l)*2/3. Suppose 3*v + k = -4. What is t(v)?
9
Let t(l) be the first derivative of -2*l**2 + l**2 - l - 2*l + 7 - 4*l. Calculate t(-5).
3
Suppose 3*y = 5*j - 2, 3*y - 5 = -2. Let s(q) = -4*q + 3. Let m(o) = -3*o + 4. Let g(v) = 3*m(v) - 4*s(v). Determine g(j).
7
Let k(n) be the third derivative of n**5/60 + n**4/3 - n**3/6 + 4*n**2 - 3*n. Give k(-7).
-8
Let p(k) = -k**2 + 7*k - 5. Let z = -32 + 22. Let r be (8/z)/((-2)/15). What is p(r)?
1
Let n(p) = -2*p**3 - p**2 - 2*p. Let l be n(-1). Let y(q) = -5 + 5*q**3 + 2*q**2 + 4*q + 2 - 6*q**l. What is y(4)?
-19
Let d(n) be the first derivative of n**2 - 9*n - 2. Let i(l) = -7*l - 56. Let t be i(-9). Determine d(t).
5
Suppose 0 = 5*l - 5*r - 1 - 29, 4*l - 38 = -3*r. Let i(c) = c**2 - 11*c + 18. Give i(l).
-6
Let z(t) = -227*t - 9 + 447*t - 221*t - 4. Give z(-10).
-3
Suppose 9*d - 4*d + 4*w = -19, 2*d + w = -7. Let m(o) = -5*o + 2. Let t(r) = -23*r + 8*r + 14*r. Let q(h) = m(h) - 6*t(h). What is q(d)?
-1
Let l(c) = 2*c - 2. Let b be l(3). Suppose 2*y + 3*d + 2 = 0, 3*y - 6 = 4*y + 4*d. Suppose y*x - f - b = 0, 2 = x - f + 3*f. Let k(j) = 2*j + 2. Determine k(x).
6
Let q = -1436 + 1434. Let b(j) = 2*j + 2*j**2 + j**3 - 1 + j**2 + 0*j**3. Calculate b(q).
-1
Let z(h) = 4*h**2 + 43*h - 10. Let i be z(-11). Let u(l) = 2*l**2 - 5*l + 5. Let r(p) = 3*p**2 - 4*p + 4. Let k(q) = 4*r(q) - 3*u(q). Determine k(i).
6
Let x(g) = -2 - 3 + g**2 + 3 + 1 - 2*g. Let c be x(2). Let j(l) = -5*l**2 + l + 1. Let p be j(c). Let s(b) = -b**3 - 5*b**2 + 3*b + 5. Determine s(p).
-10
Let f be ((-39)/(-9))/(-4*9/108). Let r(h) = -h**2 - 14*h - 20. Determine r(f).
-7
Let g(n) = n**3 - 5*n**2 - 8*n + 2. Let t = 128 + -122. Determine g(t).
-10
Suppose 186 = 14*k + 17*k. Let x(i) = -5*i**2 + 4*i**3 - 2*i**3 - 6*i - 6 - i**3. Determine x(k).
-6
Let v(l) = -l**3 + 240*l**2 - 236*l**2 + 0 - 4*l - 1. Suppose -2*y = -y + 7. Let d = -4 - y. Determine v(d).
-4
Let d(r) = -5*r**3 + 5*r**2 - 12*r - 1. Let g(c) = 9*c**3 - 10*c**2 + 22*c + 1. Let s(y) = -7*d(y) - 4*g(y). Determine s(3).
9
Let t(l) = -2*l**2 + l + 1. Let b(k) = -k**3 - 21*k**2 - k + 13. Let h(x) = -b(x) + 6*t(x). Determine h(-8).
1
Suppose -4*l + 18 = -5*j, -5*j - 6 - 6 = -l. Let g(u) = 7*u + 2 - u**l + 7*u - 6*u. What is g(6)?
14
Let l(m) = -10*m - 27. Let c(n) = -3*n + 2. Let q(r) = -4*c(r) + l(r). Calculate q(15).
-5
Let w(n) = n**2 + 9*n + 10. Let z(u) = 2*u + 26. Let x be z(0). Suppose -4*m - x - 2 = 0. Determine w(m).
-4
Let s(a) = 3*a - 10. Let m(n) = n**2 - 3*n + 7. Let p be m(10). Let o = p + -70. Determine s(o).
11
Let z(w) = w**2 - 5*w + 1. Suppose 0 = 5*d - 4 - 11. Suppose d*s - 2*r - 9 = 0, 0 = -4*r + 12. Let q(a) = a**2 - 4*a. Let u be q(s). What is z(u)?
1
Let t(m) = m**3 + 4*m**2 - 6*m - 7. Suppose 0*z = 6*z - 150. Suppose 25*h = 30*h + z. Give t(h).
-2
Let y(h) = 21*h**3 - h + 1. Let v(s) = -s**3 - 14*s**2 - 14*s + 13. Let n be v(-13). Suppose -n = -3*u + 2*u + 5*r, 3*r = 2*u - 17. Determine y(u).
21
Let t(r) = -2*r**2 - 4334 - 5*r + 4347 + r**2. Determine t(-8).
-11
Let w(g) = -16 - 12667*g**2 + 2*g + 10*g + 12668*g**2. Calculate w(-11).
-27
Let n = -29 + 15. Let d = -2 - n. Let b = d + -6. Let w(j) = 2*j - 7. Determine w(b).
5
Let a(o) be the first derivative of -2*o + 1/4*o**4 + 0*o**3 - 31 + 1/2*o**2. Let u be ((-1)/2)/((-3)/12). Calculate a(u).
8
Let d be -1 - 0 - 12/(-96)*-56. Let l(b) = b**3 + 6*b**2 - 12*b - 10. Give l(d).
-42
Let g be 1 + (-2 - 1) - -4. Suppose 5 + 0 = 3*a - k, g*a = 2*k + 6. Let l(f) = a + f**2 - 5*f - f + 2*f + 0*f. Determine l(4).
1
Let s(o) = 2*o + 17. Let y be 67/(-8) - (-6)/16. Give s(y).
1
Let x(d) be the second derivative of -d**5/20 - d**4/4 + d**3/2 - d**2/2 - 153*d. What is x(-4)?
3
Let y be (1 + -4)*(-2)/6. Let a(c) = -1 - y - 5*c**2 + 4*c**2 - 7*c. Let u(q) = q**3 - 10*q**2 - 13*q + 15. Let f be u(11). Give a(f).
-2
Let r(u) = -4*u**3 + u. Suppose 2*t + 19 = 5*j, 4*t - 6 = -4*j + t. Let d be (12/(-4) - -4) + j. Suppose 2*z = -2*z + d. What is r(z)?
-3
Suppose 6*v - 98 = -8*v. Let j(h) = 2*h - 2. Give j(v).
12
Let u = -10 + 17. Suppose 0 = -5*l + u*l - 2. Let d(g) = -l + 3*g - 5 + g - g. Give d(4).
6
Suppose 5 = 3*c - 1. Let s(z) be the second derivative of -z**5/20 - z**4/12 + z**3/3 + 5*z**2/2 - 7*z. Let x(t) be the first derivative of s(t). Give x(c).
-14
Suppose 0 = 6*l - 48 + 12. Suppose l + 10 = 2*k. Let j(q) = q**2 - 7*q - 2. Calculate j(k).
6
Let g be 4/10 - 114/(-15). Suppose h + h = g. Let n(z) = 6*z + 11. Let d(b) = 5*b + 10. Let j(m) = h*d(m) - 3*n(m). What is j(-5)?
-3
Let j(h) be the third derivative of h**6/120 - 7*h**5/60 + 3*h**4/8 + 11*h**3/6 + h**2 - 25. Determine j(5).
6
Let b(u) = 8*u - 7. Let o(r) = -20*r + 15. Let q(h) = -9*b(h) - 4*o(h). Give q(-2).
-13
Let a(w) = w**3 - 2*w**2 - 3*w + 4. Let s be a(3). Suppose -16 = -k + s. Let y be 45/k*8/(-3). Let d(o) = -o**2 - 5*o + 5. Determine d(y).
-1
Let w(m) = -m**2 - m + 9. Let i be w(-3). Let n(z) = -4*z + z - i + 7*z. What is n(2)?
5
Let z(k) be the third derivative of -1/60*k**5 - 31*k**2 - 1/12*k**4 + 0 + 0*k + 2/3*k**3. Calculate z(-6).
-20
Let x(c) = c**3 - 3 + c**2 + 4*c**2 + 5*c + 9. Suppose 0 = -6*o + 2*o - 3*y - 43, 3 = -3*y. Let r be (-46)/10 - 6/o. What is x(r)?
2
Let y(u) = 10 + 16 - 3*u**2 - 28 - 3*u. What is y(-1)?
-2
Let f(q) = q**3 + 1. Suppose 12*p - 20 = 7*p. Let g(r) = 1. Let s(k) = k - 3. Let d(v) = p*g(v) - s(v). Let y be d(6). Give f(y).
2
Let y(l) = 4*l + 7. Let o = -7 + 12. Suppose -n - o = -7. Let q(a) = -9*a - 15. Let k(d) = n*q(d) + 5*y(d). Give k(-5).
-5
Let x(b) be the third derivative of 7*b**4/24 + b**3 - 16*b**2. What is x(-4)?
-22
Suppose 0 = 5*m - 4*o - 65, -m - 3*m = 2*o - 26. Let u(y) = 2*y**3 - 17 - 3*y - y + m - y**2 + 11. Determine u(2).
7
Let k(p) = p**2 + p - 1. Let i(m) = m**3 + 5*m**2 + 5*m + 5. Let b(g) = i(g) + 2*k(g). Calculate b(-6).
-3
Let q(g) = -12*g**2 - 7*g - 5. Let c(o) = 6*o**2 - o + 3. Let k(s) = 6*s**2 - 2*s + 3. Let p(h) = -6*c(h) + 5*k(h). Let i(l) = 5*p(l) - 3*q(l). Calculate i(1).
7
Let c(y) be the second derivative of -y**7/840 + y**6/72 + y**5/60 - y**4/24 - 4*y**3/3 - y. Let d(k) be the second derivative of c(k). Give d(5).
9
Let c(s) be the second derivative of s**4/6 + s**2/2 + 123*s. What is c(2)?
9
Let q(w) = w**3 + 1. Let c(j) = 2*j**3 + 5*j**2 + j + 3. Let f(i) = c(i) - 3*q(i). Suppose 4*y + 58*y - 307 = 3. Determine f(y).
5
Let w(y) be the third derivative of -5/6*y**3 + 0 + 15*y**2 - 1/12*y**4 + 0*y. Determine w(-5).
5
Let k(w) be the first derivative of 0*w**5 - 3*w**2 + 1/3*w**3 + 0*w**4 + 0*w + 1/120*w**6 + 2. Let h(q) be the second derivative of k(q). What is h(-2)?
-6
Let d(g) = -125*g + 120*g + 7 - 3. Let z = -8 - 9. Let n(r) = -15*r + 12. Let t(h) = z*d(h) + 6*n(h). What is t(3)?
-11
Let y(n) = 2*n**2 - 5*n + 2. Let f be y(0). Let r(t) = t**3 - t - 1. Calculate r(f).
5
Let g = 26 - 13. Let w(q) be the third derivative of q**5/60 - q**4/2 - 11*q**3/6 + 286*q**2. What is w(g)?
2
Suppose 3*a - 3*r = -45, -a - a - 60 = 4*r. Let h = 15 + a. Let p(d) = -d + 6 - 6 - 6. What is p(h)?
-1
Let s(p) = -6*p - 100*p**2 - 2*p + 99*p**2 - 3*p - 16. What is s(-9)?
2
Let l(p) = p**2 + 6*p - 3. Let y be (-3)/((-9)/(-4)*(-18)/(-81)). What is l(y)?
-3
Let m(d) = d**3 + 139 - d - 64 - 75 + 4*d**2. Suppose -1 = 2*n - 3*b + 1, -8 = -4*b. Let q = -4 + n. What is m(q)?
10
Let z be -2 - (0 - -4*(-4)/(-8)). Let y(l) = 6*l**2 + l**3 - 2 - 2*l**2 + 4. Give y(z).
2
Let l be ((-3)/3 - 1)*1. Let w(o) = -13*o**3 - 16*o**2 - 9*o - 9. Let a(t) = -7*t**3 - 9*t**2 - 5*t - 5. Let d(s) = -5*a(s) + 3*w(s). Calculate d(l).
22
Let h(w) = w**3 + 19*w**2 - 46*w - 84. Let j be h(-21). Let i(t) = t**2 - t - 12. Determine i(j).
-12
Let g = -30 + 29. Let v be -7 + (g - -4) + 4. Let u(o) = o**2 + 6. Calculate u(v).
6
Let q(f) = 9*f + 4. Let t be q(-1). Let n(w) = -w + 2 - 5 - 2*w. Calculate n(t).
12
Let t(g) = -3*g + 5. Suppose -4*v + 16 = 36. Give t(v).
20
Let h(b) be the first derivative of -9/4*b**4 + 0*b**2 - b + 1/3*b**3 + 6. Suppose g + 2*v - 26 = -3*v, -4*v + 21 = g. Calculate h(g).
-9
Let v(d) = 2*d. Suppose 5*k - g = -4*g, 10 = -2*g. Suppose 4 + 14 = k*j. Give v(j).
12
